+ -6?
2
Evaluate (15 - 7 - 0) + -10.
-2
Calculate 8 - ((2 - -2) + -1).
5
Evaluate 10 + -25 - -4 - -5.
-6
What is the value of (8 - 3) + -2 - 4?
-1
Evaluate (-20 - -25) + (0 - 2) + 2.
5
-5 - (-10 - (6 + -13 + 1))
-1
What is 1 - 10 - ((-1 - -1) + -4)?
-5
Evaluate 1 + (-1 - (4 + 0)) - -5.
1
What is the value of 4 + (0 + -5 - -1)?
0
What is 1 + -1 + -1 + -1 + -2?
-4
(-10 - -21) + -9 + -7
-5
What is 4 - 1 - 1 - 0?
2
1 + (1 - 0) - (4 - 0)
-2
-33 - -26 - (4 + -6 + 4)
-9
12 + -12 + -3 - (-1 + -1)
-1
What is the value of (-1 - 1) + (-68 - -67)?
-3
Calculate -7 + 17 + -7 - 5.
-2
Calculate 12 - 4 - (1 + (-11 - -15)).
3
What is the value of -1 - -2 - (6 + 14 + -15)?
-4
What is the value of (-6 - -2) + -1 + 6?
1
Calculate -7 + -7 + 9 - -3.
-2
Evaluate (0 - 0) + -1 + 0 + 2.
1
Calculate (13 - 8 - 6) + -7 + 2.
-6
Calculate -3 + (-2 - -6) - 1.
0
Calculate (-1 - -2) + -12 + 6 + 0.
-5
8 + (2 - 4 - 0) + -2
4
What is the value of 1 + (3 - 0) + -2 + 1?
3
What is the value of -1 - ((1 - 4) + -2)?
4
What is -8 + 4 + (-4 - -6)?
-2
Evaluate 3 + -7 + (11 + 0 - 5).
2
What is the value of -8 + (7 - (-7 + 3))?
3
What is the value of -7 + 14 + -9 + 1?
-1
Evaluate 6 + -1 + (-16 - -6).
-5
What is 7 - (4 + -6 + 7) - 4?
-2
Evaluate -2 - -2 - (-12 - -10).
2
Evaluate 4 - 8 - (3 - 5) - -4.
2
Calculate 0 - -4 - (21 - 12).
-5
Evaluate -3 + -4 + 5 + 1.
-1
Calculate 2 + 2 - (5 + 1).
-2
(0 - (17 - 12)) + (9 - -1)
5
What is the value of -5 + 5 + -4 + 4?
0
What is -7 - (-16 - (-5 + -3))?
1
-28 + 21 + 0 + (1 - -1)
-5
Calculate -9 - -11 - (-2 - 0).
4
5 - ((4 - -1) + -6)
6
Evaluate (2 - 3) + (7 - 4) - 5.
-3
What is the value of -3 + 4 + -4 - -3?
0
Calculate -5 + -5 + (-2 - -7).
-5
-3 - (-4 + (5 - (6 + -4)))
-2
What is 10 + -10 - (3 - -3 - 2)?
-4
What is the value of 2 + (10 - 20 - -8)?
0
What is the value of -8 + 9 + -6 + 1?
-4
What is the value of 3 - (5 - 6 - -1)?
3
Evaluate 7 + 0 + -2 + 0.
5
Calculate (6 - 1 - 1) + 30 + -40.
-6
-3 + -2 + -7 + 3
-9
Evaluate (-16 - -16 - (6 + -1)) + -1.
-6
What is 2 + (0 - (5 + -1 - 1))?
-1
What is (-3 - (-12 + 4)) + -5?
0
(3 - 2 - -2) + 1 + 0
4
-3 + 5 + 0 + 1
3
What is the value of 7 - 3 - (6 - (1 + 1))?
0
(5 - (1 + -1)) + -1
4
What is the value of (-1 - (1 + -1)) + (10 - 10)?
-1
2 + 4 + (-22 - -11)
-5
Evaluate 2 - ((4 - -2) + -8).
4
-4 + (13 - 4) - 1
4
Evaluate (3 + -4 + 2 - 0) + -2.
-1
Evaluate -1 + (11 - (7 + 3)).
0
-1 - 4 - (-38 + 31)
2
Evaluate 2 - ((-5 - -2) + 2 + -2).
5
What is -4 + 4 + 2 - -6 - -1?
9
(-6 - -2) + 1 + -2 + 12
7
Evaluate 11 - (7 - (-3 + 1)).
2
-3 - (1 + 1 - 0)
-5
Evaluate 2 + (5 - 4 - 3).
0
What is the value of (5 + -5 - 8) + 8 + 6?
6
What is (-7 - 8) + 1 + 2 - -6?
-6
What is the value of -38 + 33 + 0 + 1 + -1?
-5
Evaluate (2 - (-2 + (5 - -1))) + 2.
0
What is the value of (4 - 1) + (4 - 2)?
5
What is the value of -4 + 3 + (-4 - -4)?
-1
Evaluate -7 - -8 - (-1 + 0).
2
Evaluate -4 - (6 - 2 - 4).
-4
10 - (11 - -2) - (-2 + 8)
-9
Evaluate -3 + -4 + 5 + -9 + 7.
-4
2 - (1 - (2 + 5 + -3))
5
Calculate -3 - (0 + (10 - 5)).
-8
(-5 - 0) + -2 + 8 + -6
-5
What is the value of -2 + 1 + (-10 - -5)?
-6
What is the value of -2 + -8 + -6 + 18 - -7?
9
Evaluate 2 + 1 + -4 + 2.
1
What is -50 - -35 - (-11 + -1)?
-3
Calculate (-3 - (5 - 6)) + 5 + 3.
6
Calculate (-1 + 22 - (-9 - -13)) + -7.
10
Calculate -5 - (-5 - -3 - 2).
-1
What is the value of -4 - 0 - (-12 - -6 - 2)?
4
Calculate -23 + 25 + (1 - 2).
1
Calculate 13 + -4 + -9 - 8.
-8
What is the value of -12 + 12 + (5 - 2)?
3
Calculate 7 + -5 + -9 + 3.
-4
Evaluate -3 - -7 - 4 - 2.
-2
Evaluate -3 + (-8 - -2) + 5.
-4
Calculate 1 + -2 - ((-13 - -10) + 0).
2
5 - (-7 + 1 - -5)
6
Evaluate (-1 - 0 - (11 + -13)) + -6.
-5
Calculate 6 - ((0 - 3) + 7 - -5).
-3
What is the value of (1 - -2 - 6) + 0?
-3
Evaluate 2 - ((-1 - -1) + (-2 - -5)).
-1
What is 8 + (-5 - -7) + -9 - -4?
5
0 + -6 - (-12 + 8) - -3
1
Calculate 0 - -1 - (-2 - (-2 + -1)).
0
What is -7 + 4 - (6 + -6)?
-3
Evaluate -4 + -12 + (7 - 0) - -6.
-3
What is the value of 1 + (-4 - ((3 - 2) + 1))?
-5
What is (-5 - 0 - -4) + 3?
2
Calculate 1 - (0 - 1 - -11).
-9
Calculate (-3 + 4 - (8 + -15)) + -7.
1
What is -3 + (-1 - -2) + 2 - 1?
-1
What is the value of 3 - 6 - (-1 + 0 + 3)?
-5
What is -9 - (-5 - (9 - 1))?
4
What is -3 - (13 + -1 - (2 + 3))?
-10
Evaluate (5 - 2) + -7 + 1 + -1.
-4
What is 3 + 2 + -5 + 5?
5
Calculate 1 + (-15 - -12 - (0 + -3)).
1
0 + (-2 - (-8 - -3)) + -1
2
What is the value of -11 + (-2 - -11) + (0 - 2)?
-4
What is the value of -2 + 6 + -2 + -2?
0
Calculate 10 + -1 + -2 + -48 + 42.
1
Evaluate 2 - -1 - (0 + 8 + -10).
5
Calculate 2 + -2 - (-13 + 5 + 2).
6
Evaluate 0 - -2 - (10 + -13).
5
What is the value of -2 + 7 + -7 - -9?
7
What is the value of 5 - (16 + -6 + 1)?
-6
Evaluate 4 + 0 + (-4 - 1).
-1
-2 - -8 - -2 - 5
3
What is -4 + 7 + 3 - (7 - 3)?
2
What is 5 + (19 - 12 - 5)?
7
What is 1 + -3 + 1 + (6 - 1)?
4
What is the value of 2 + (-1 - 4 - 2)?
-5
Calculate 7 - (8 + -1 + -3).
3
Calculate 2 - 4 - (-11 + (-9 - -9)).
9
Evaluate -5 + 5 + -6 - -3 - 3.
-6
What is -4 - -1 - (-5 + -2 - -6)?
-2
Evaluate 4 - (-1 - (-8 - 2)).
-5
What is 5 + (-11 - -2) + 7?
3
What is the value of 2 - (2 - (0 + 2 + -2))?
0
Evaluate 5 + -1 - (0 + -1) - 5.
0
What is -2 - (7 + -4 + -3)?
-2
What is 30 - 14 - (0 + 1 - -7)?
8
-8 + (4 - -1 - -1) + -2
-4
What is the value of -1 + 4 + -15 + 6?
-6
What is the value of 5 - (-1 - (4 + -5))?
5
Calculate 5 - (-7 + -2 + 15).
-1
Evaluate -2 + (-3 - (1 - 4)).
-2
0 + 6 - (-46 - -56)
-4
What is -6 + -6 + 11 - -6?
5
What is the value of -5 + -4 + (2 - (3 - 6))?
-4
(3 - 1 - 3) + 5
4
Evaluate 2 + (0 - (-1 + 3)) - 2.
-2
Evaluate -3 + (-4 - (-6 + 4)) - 4.
-9
Evaluate 6 - 18 - (-6 - -1).
-7
What is 7 - (11 + -9) - -5?
10
What is (9 - 12) + (-1 - -1)?
-3
Evaluate -1 + -1 + 2 - (2 - 4).
2
What is 10 + 1 + -4 - 4?
3
What is -2 - (-5 - (-7 + 2) - -4)?
-6
What is the value of -4 + (-1 - (2 + -2)) - -5?
0
What is 1 - (2 - 6 - -10)?
-5
What is -2 - ((5 - 18) + 10)?
1
Evaluate 0 + (-6 - -7) + (0 - -1).
2
-6 + (2 - (-3 - -2)) - -8
5
(2 - 1) + (-2 - -5)
4
Calculate -1 - -2 - (-3 + 11 + -6).
-1
Calculate -1 + -5 + -8 + 15.
1
Evaluate -2 + (6 - (1 - -6)).
-3
Evaluate (-5 - (-4 + 1 - 5)) + 5.
8
Evaluate 5 + (-3 - (2 - 8)) + -3.
5
-7 - (-4 - 2) - (1 + 2)
-4
(-4 - -1) + 1 - -5
3
What is the value of (-6 - -1) + 1 - (-2 + 2)?
-4
What is 1 - (2 + -4 - -2) - 4?
-3
Calculate -9 + 11 + (-5 - 0).
-3
Evaluate 3 + 12 + -17 - 7.
-9
Calculate -2 + (-4 - 0 - -1).
-5
(3 - 3) + (23 - 24)
-1
5 + -21 + 30 + 1 + -7
8
What is the value of (3 - 4) + -5 + 2?
-4
Calculate -4 + (6 - (2 + (3 - -2))).
-5
What is the value of (-8 - -4 - -9) + -3?
2
What is -5 - (-11 + 4 + 11)?
-9
-4 - ((-7 - -2) + 3) - -3
1
Calculate -3 - (-3 - (6 - 3)).
3
-11 + 8 - (2 + -1)
-4
-1 + (7 - 10) - -7
3
(-8 - (2 - 3)) + -3 - -6
-4
What is 0 - -1 - (3 - -1 - 4)?
1
Calculate 1 + -2 + 3 - (-7 - -7).
2
(-3 + 2 - -3) + 3 + 1
6
Evaluate 4 - 14 - (-4 - -2).
-8
What is (1 - (-2 + -1)) + (-1 - -1)?
4
(-2 - -5 - 2) + -74 + 68
-5
What is the value of 4 + 2 + -7 + 5 - 1?
3
What is the value of 1 + -7 + -5 + 6 - -3?
-2
What is (11 - 6) + (-3 - 1)?
1
Evaluate (-5 - -7) + 4 + -2.
4
Calculate (-7 - 1) + (-1 - 9) + 12.
-6
What is 5 + (4 - 11) + -1 - 0?
-3
Calculate (-1 - -2) + (-3 - -1) + 0.
-1
Calculate 8 - -2 - (-4 + 14 + -7).
7
What is the value of 4 + 2 - -1 - 10 - -7?
4
What is (-2 - (1 + -7 + 3)) + 5?
6
What is the value of -8 - (4 - (7 - 14 - -17))?
-2
What is 0 + (-3 - -2) + 5 + -4?
0
4 - (0 - (4 + (-10 - 0)))
-2
Evaluate (-20 - -2) + (3 - -6).
-9
What is 5 - (0 - -8) - (-3 - -1)?
-1
(2 - 1) + -5 + -3 + 3
-4
Evaluate 54 - 54 - ((3 - 2) + 3).
-4
Evaluate (6 - 1) + 0 + -8.
-3
What is (18 - 19) + (-8 - -2)?
-7
4 + (-3 - -3) - -1
5
Evaluate (-15 - (-19 + 10)) + (2 - 0).
-4
Evaluate 5 - (0 + 4 + 0).
1
What is 30 + -28 + 0 + 2?
4
What is 0 + -4 + (-2 - -2) - -1?
-3
What is 5 - (3 + (2 - 3))?
3
Calculate -4 + -4 + 5 + 2 + -2.
-3
-6 - (2 - 1 - (3 + 0))
-4
What is the value of 2 + 2 - (8 + -6)?
2
Calculate 5 - 13 - (-11 - 4).
7
What is the value of 25 + -11 + -2 + -1?
11
What is -9 + (3 - (-6 + 11))?
-11
What is -155 - -143 - (-17 - -1)?
4
Evaluate (-1 - (6 + -4)) + 2 + 6.
5
Evaluate -6 + (17 - (4 - -2)).
5
Evaluate 9 - 13 - (-1 + -2).
-1
Evaluate 6 + (-1 + -9 - 2).
-6
7 + (2 - (4 - (5 - 0)))
10
Calculate (25 - 10) + -7 + (3 